s the greatest common factor of 20 and z?
20
Suppose 19*z + 6609 = 928. Let n = z + 391. What is the greatest common divisor of n and 92?
92
Let t = 5338 + -5334. Calculate the highest common divisor of 2836 and t.
4
Suppose m + 67 = v + 16, -4*m + 12 = 0. Let d = v + 102. Suppose 0 = 3*s + c - 313, -2*s + 4*s - 4*c = 204. What is the greatest common factor of d and s?
52
Let q = 4021 - 2275. Let l = q - 1215. What is the greatest common divisor of l and 118?
59
Let c = 4 - -24. Suppose -5*m + 0 + 68 = 3*h, 2*m + 19 = h. Suppose 305 - 11 = h*y. What is the highest common divisor of c and y?
14
Suppose p - 3*j - 18 = -2, -3*p = -4*j - 63. Suppose 22*y = p*y - 96. What is the highest common divisor of y and 512?
32
Suppose -5*d + 4*r = 3*r - 1945, 0 = 5*r - 25. What is the greatest common factor of 40 and d?
10
Let k be -1*4/12 + 210/9. Let b be (-4*(-6)/60)/((-2)/(-3985)). Suppose -2*n + 8 = -4*n, -2*n + b = 5*q. Calculate the greatest common factor of k and q.
23
Let f(b) = -b + 4. Let v be ((-13)/(-26))/((-1)/2). Let m be 2/(v*6/78). Let s be f(m). Calculate the highest common divisor of 15 and s.
15
Let l(h) = -h**2 - 12*h - 31. Let a be l(-4). Suppose 55 + a = x. Calculate the highest common factor of 7 and x.
7
Let r = 432 + -328. Suppose -5*j = -3*s - r, 2*j = -3*s - s + 26. What is the greatest common factor of 19 and j?
19
Let w be (6 - -2) + -5 - (-420)/2. Let i = w + -127. Let v = -48 + i. Calculate the highest common factor of v and 304.
38
Suppose -2*x = -225 - 117. Let i(y) = -133*y - 2242. Let p be i(-17). Calculate the highest common factor of x and p.
19
Let s(c) be the second derivative of -c**5/20 + 7*c**4/12 + 2*c**3/3 - 8*c**2 - c - 30. Let o be s(6). What is the greatest common factor of o and 33?
11
Let v(o) = o**2 + 17*o - 62. Suppose 440 = -18*c - 2*c. Let w be v(c). Calculate the highest common divisor of 128 and w.
16
Let b be -1*((-10)/20*4 - (13 - 3)). Calculate the highest common factor of 1446 and b.
6
Let l = -897 - -1220. Calculate the highest common factor of l and 187.
17
Suppose -6*r = -q - 4*r + 74, q - 65 = -r. Calculate the greatest common divisor of q and 731.
17
Suppose 0 = 4*l - 5*l + 10. Let t(c) = 8*c - 115. Let p(k) = 7*k + 43. Let f be p(-4). Let x be t(f). What is the greatest common factor of l and x?
5
Suppose 24 = 5*d + 14. Let t(p) = 68*p + 2. Let b be t(d). Suppose -2*n + 64 = -3*j, 7*n - b = 2*n + 2*j. Calculate the greatest common factor of 13 and n.
13
Let f be (-7)/(-7)*1/(-1). Let g(k) = -9*k + 24. Let h be g(3). Let v be (43 - 2) + (f - h) + -2. What is the highest common factor of v and 82?
41
Let q(y) = -22*y**2 - 299*y - 58. Let b be q(-13). What is the greatest common divisor of b and 3293?
37
Let b(c) = -4*c - 7. Let s be b(3). Let j = s - -21. Suppose a - 3*t = -j*t + 66, 4*a - 262 = 2*t. What is the highest common factor of a and 26?
13
Let t(m) = 3*m + 166. Let y be t(-46). What is the greatest common factor of 714 and y?
14
Let u(w) = w**2 + 88*w + 1817. Let v be u(-33). Calculate the highest common factor of 1344 and v.
2
Suppose -4*l - 1135 + 13 = -5*b, 1124 = 5*b - 3*l. What is the greatest common divisor of b and 16046?
226
Let i(v) = v + 25. Let n be i(-18). Suppose 6*g + 7 = n*g. Suppose -4*c + 0*q + 18 = -2*q, -3*c - 2*q = -31. Calculate the highest common factor of c and g.
7
Let w(i) = 6*i**2 - 5*i + 4. Let z be w(2). Suppose -z*f - 132 = -22*f. Let o = -7 - -10. Calculate the greatest common divisor of o and f.
3
Let i = 22 - 11. Let w(t) = 2*t**3 + 28*t**2 - 3*t + 26. Let m be w(-14). Suppose c + 5*d = 7*d + 78, 4*d = c - m. What is the highest common factor of i and c?
11
Suppose -4*d + 88 = 2*p, 3*d + 3*p - 16 - 47 = 0. Suppose d = 19*k - 129. What is the greatest common factor of k and 392?
8
Let h(i) = i**3 - 7*i**2 + 7*i - 1. Let t be h(6). Suppose 452 = 4*y - x, 4*y + 122 = t*y + 2*x. What is the highest common divisor of 171 and y?
57
Suppose -371*y - 675 = -376*y. Let a be 10/15*-1*-81. What is the greatest common factor of a and y?
27
Suppose -4*z + 4*l = -132, z - 15*l - 17 = -12*l. Calculate the greatest common divisor of 51947 and z.
41
Suppose -4*a + 38*p = 39*p - 128083, -64010 = -2*a + 4*p. Calculate the highest common divisor of a and 39.
39
Let a(i) = 5*i + 49. Let p be a(-6). Let n = 37 - p. Suppose 4 = -k + n. What is the highest common factor of 266 and k?
14
Let p = -22122 - -22210. What is the highest common factor of 1256 and p?
8
Let k = -1079 + 1177. Calculate the greatest common factor of k and 9898.
98
Let c(a) = 24 - 9 - a**3 + 17*a - 16*a - 15*a**2. Let f be c(-15). Suppose 6*p - 223 - 101 = f. Calculate the highest common factor of p and 18.
18
Let g(b) = -9*b + 5. Let l be g(-5). Suppose -o - x + 9 = 0, 0 = -4*o + 88*x - 90*x + 38. What is the highest common divisor of o and l?
10
Let k = 41 + -38. Suppose -2*p = -k*s - 77, -p + s = -0*p - 41. What is the greatest common divisor of 161 and p?
23
Suppose -5*u + 17 + 13 = 5*w, -30 = -5*w + 5*u. Let c be (-1)/((-28)/8) - 164/(-14). What is the highest common factor of c and w?
6
Suppose 10*k + 39 = -21. Let y be k/(-2) - (15/(-3) - 0). What is the greatest common divisor of y and 200?
8
Suppose q + 80 = 64. Let n be (-2)/(-8) - (-4)/q. Suppose s - 6 = -2*l, l + 25 = 3*s - n*l. Calculate the highest common divisor of 32 and s.
8
Let b(n) = n**3 - 18*n**2 + 20*n - 28. Let c be b(17). Suppose 25*o - 704 = c*o. Calculate the highest common factor of o and 44.
44
Let i(d) = d**3 + 15*d**2 + 14*d + 4. Let q be i(-14). Suppose q*x + 220 = 4*n - 0*n, 20 = 5*x. Let r = -49 + n. What is the highest common divisor of 10 and r?
10
Let t be -1*6/(-6) - 2. Let z be (28 + -27)/((-2 - t) + 2). Calculate the highest common factor of 1 and z.
1
Suppose -f + 946 + 421 = -5*u, 5*f - 6674 = 2*u. Calculate the greatest common factor of 84 and f.
12
Suppose 2*y - 29*a - 37 = -30*a, 0 = 2*a - 14. Calculate the highest common divisor of y and 60.
15
Suppose 0 = 3*s - 4*u - 103, s + 0*s - 3*u - 46 = 0. What is the highest common divisor of s and 1600?
25
Let u(v) = 61*v**2 + 17*v + 177. Let n be u(-4). Calculate the highest common factor of n and 20.
5
Let h(z) = -168*z - 1893. Let b be h(-12). Calculate the highest common factor of 5043 and b.
123
Suppose -5*v = 33 - 143. Suppose 0 = 3*r + 522 + 303. Let j = 277 + r. Calculate the greatest common factor of v and j.
2
Let y = -333 + 620. Suppose -6*a + 3*a - 4*b = -851, -2*b = a - y. Suppose a = 7*g + 95. Calculate the highest common factor of g and 182.
26
Suppose -c + 0*t = 2*t - 4, 0 = c - 3*t + 1. Let b be (-2)/(-2)*24*c/4. Let l be (0 + -2)*126/(-3). What is the highest common divisor of l and b?
12
Let c(f) = -15*f**2 + 2*f + 0*f + f - 9 + 16*f**2. Let q be c(-11). Suppose -5*h - d = -5*d - q, 0 = 5*d + 5. Calculate the highest common factor of h and 120.
15
Suppose -19*j + 1610 - 280 = 0. What is the highest common divisor of j and 875?
35
Let v(z) = 14*z + 4. Let q be v(3). Suppose 5*s + 769 = 3*d + 113, -6*d - s = -1235. Calculate the greatest common divisor of q and d.
23
Suppose 0 = 17*s - 28*s + 99. Suppose s*q + 72 = 10*q. Calculate the greatest common factor of 16 and q.
8
Suppose -26 - 1 = -j. Suppose 3705*q - 3708*q = -567. Calculate the highest common factor of j and q.
27
Let s be 1 - (6/14)/((-2)/(-14)). Let o = 4 - 5. Let f be 0/s - o*19. What is the highest common factor of f and 57?
19
Let a = 234 - 232. Suppose 5*i + 2 = h, 6*h - h - 10 = 5*i. Suppose h - 9 = -7*w. What is the greatest common divisor of a and w?
1
Let x(t) = t**3 - 16*t**2 + 13*t + 30. Let b be x(15). Suppose b = 3*a + 5*a - 736. What is the highest common factor of 69 and a?
23
Let x(i) = 2*i**2 - 3*i - 2. Let g be x(-2). Let a be ((-20)/(-6))/(g/270*3). What is the highest common factor of a and 425?
25
Suppose -2*f = 3*p - f - 13, -3*p + 21 = 3*f. Suppose 17*m - 672 = p*m. Calculate the greatest common divisor of 12 and m.
12
Suppose -8025 = -16*q - 681. Let r be (-99)/(-21) - 4/(-14). Suppose 3*s + q = 5*g, -r*g + s + 4*s + 465 = 0. What is the greatest common factor of 36 and g?
18
Let s(g) be the second derivative of 6*g**2 + 1/20*g**5 + 0 - 11/12*g**4 + 0*g**3 - 7*g. Let c be s(11). What is the greatest common divisor of c and 4?
4
Let o be 3*(196/12 + 0). Let f = 2